{"id":204,"date":"2020-02-27T11:19:32","date_gmt":"2020-02-27T11:19:32","guid":{"rendered":"https:\/\/www.hypnose-bw.eu\/?page_id=204"},"modified":"2020-03-25T11:09:56","modified_gmt":"2020-03-25T11:09:56","slug":"vhs-hypnose-infoabend","status":"publish","type":"page","link":"https:\/\/www.hypnose-bw.eu\/index.php\/hypnose-informationen\/gruppenkurse\/vhs-hypnose-infoabend\/","title":{"rendered":"VHS Hypnose-Infoabend"},"content":{"rendered":"<p>[et_pb_section fb_built=&#8220;1&#8243; _builder_version=&#8220;4.4.0&#8243;][et_pb_row _builder_version=&#8220;4.4.0&#8243; module_alignment=&#8220;center&#8220; custom_padding=&#8220;27px|||||&#8220;][et_pb_column type=&#8220;4_4&#8243; _builder_version=&#8220;4.4.0&#8243;][et_pb_divider color=&#8220;#5D9D8B&#8220; divider_weight=&#8220;2px&#8220; _builder_version=&#8220;4.3.4&#8243; transform_translate=&#8220;0px|10px&#8220; transform_translate_linked=&#8220;off&#8220; width=&#8220;10%&#8220; module_alignment=&#8220;center&#8220; custom_margin=&#8220;||21px|493px||&#8220; global_module=&#8220;738&#8243; saved_tabs=&#8220;all&#8220;][\/et_pb_divider][et_pb_text _builder_version=&#8220;4.4.0&#8243; text_font=&#8220;Barlow||||||||&#8220; text_text_color=&#8220;#5D9D8B&#8220; header_font=&#8220;Barlow||||||||&#8220; header_text_color=&#8220;#024669&#8243; custom_margin=&#8220;||29px|||&#8220; custom_padding=&#8220;0px||0px|||&#8220; saved_tabs=&#8220;all&#8220; inline_fonts=&#8220;Roboto Slab&#8220;]<\/p>\n<p style=\"text-align: center;\"><span style=\"font-size: xx-large; font-family: 'Roboto Slab';\">VHS Hypnose-Infoabend<\/span><\/p>\n<p>[\/et_pb_text][et_pb_text _builder_version=&#8220;4.4.0&#8243; text_font=&#8220;|300|||||||&#8220; text_font_size=&#8220;20px&#8220; text_line_height=&#8220;1.5em&#8220; hover_enabled=&#8220;0&#8243; text_font_size_tablet=&#8220;18px&#8220; text_font_size_phone=&#8220;16px&#8220; text_font_size_last_edited=&#8220;on|desktop&#8220;]<\/p>\n<div>\n<p>Wir veranstalten regelm\u00e4\u00dfig Hypnose Grundkurse\/Infoabende \u00fcber verschieden Volkshochschulen. Diese haben das Ziel Ihnen die Hypnose und Selbsthypnose n\u00e4her zu bringen. Sie m\u00f6chten gerne mehr \u00fcber <a href=\"file:\/\/\/glossar\/17-Hypnose.html#17\" title=\"\">Hypnose,<\/a> Selbsthypnose und die Grundlagen der Hypnose erfahren.\u00a0Nutzen Sie unser VHS-Angebot.<br \/> Wir veranstalten regelm\u00e4\u00dfig Hypnose Grundkurse\/Infoabende \u00fcber verschieden Volkshochschulen. Diese haben das Ziel Ihnen die Hypnose und Selbsthypnose n\u00e4her zu bringen. Hier erfahren Sie viele Details von der Geschichte der Hypnose bis zu den Anwendungen und M\u00f6glichkeiten. Ein spannender Abend mit einigen Tests und \u00dcbungen sowie einigen <span lang=\"en\" xml:lang=\"en\">live<\/span> Demonstrationen.<br \/> Machen Sie sich selbst ein Bild und sehen Sie hier einige Videos von Teilnehmern dieser VHS-Hypnose Seminare.<a title=\"Meinungen von Teilnehmern - VHS Hypnosekurse\" href=\"http:\/\/www.hypnosecenter-swb.de\/hypnose-informationen\/meinungen-von-teilnehmern\/meinungen-von-teilnehmern-der-vhs-hypnosegruppe.html\"><\/a><\/p>\n<\/div>\n<p>[\/et_pb_text][\/et_pb_column][\/et_pb_row][et_pb_row column_structure=&#8220;1_3,1_3,1_3&#8243; _builder_version=&#8220;4.4.0&#8243;][et_pb_column type=&#8220;1_3&#8243; _builder_version=&#8220;4.4.0&#8243;][et_pb_video src=&#8220;http:\/\/www.youtube.com\/watch?v=1FFJHy_WitY&#038;t=11s&#8220; _builder_version=&#8220;4.4.0&#8243;][\/et_pb_video][\/et_pb_column][et_pb_column type=&#8220;1_3&#8243; _builder_version=&#8220;4.4.0&#8243;][et_pb_video src=&#8220;https:\/\/www.youtube.com\/watch?v=CQW8qvN4Ls4&#038;t=1s&#8220; _builder_version=&#8220;4.4.0&#8243;][\/et_pb_video][\/et_pb_column][et_pb_column type=&#8220;1_3&#8243; _builder_version=&#8220;4.4.0&#8243;][et_pb_video src=&#8220;https:\/\/www.youtube.com\/watch?v=EtF-ubS0zls&#8220; _builder_version=&#8220;4.4.0&#8243;][\/et_pb_video][\/et_pb_column][\/et_pb_row][\/et_pb_section]<\/p>\n","protected":false},"excerpt":{"rendered":"<p>VHS Hypnose-Infoabend Wir veranstalten regelm\u00e4\u00dfig Hypnose Grundkurse\/Infoabende \u00fcber verschieden Volkshochschulen. Diese haben das Ziel Ihnen die Hypnose und Selbsthypnose n\u00e4her zu bringen. Sie m\u00f6chten gerne mehr \u00fcber Hypnose, Selbsthypnose und die Grundlagen der Hypnose erfahren.\u00a0Nutzen Sie unser VHS-Angebot. Wir veranstalten regelm\u00e4\u00dfig Hypnose Grundkurse\/Infoabende \u00fcber verschieden Volkshochschulen. Diese haben das Ziel Ihnen die Hypnose und Selbsthypnose [&hellip;]<\/p>\n","protected":false},"author":3,"featured_media":0,"parent":201,"menu_order":0,"comment_status":"closed","ping_status":"closed","template":"","meta":{"_et_pb_use_builder":"on","_et_pb_old_content":"","_et_gb_content_width":"","footnotes":""},"class_list":["post-204","page","type-page","status-publish","hentry"],"yoast_head":"<!-- This site is optimized with the Yoast SEO plugin v24.1 - https:\/\/yoast.com\/wordpress\/plugins\/seo\/ -->\n<title>VHS Hypnose-Infoabend - Hypnose Center Baden-W\u00fcrttemberg, Hypnosetherapie- und Ausbildung<\/title>\n<meta name=\"robots\" content=\"index, follow, max-snippet:-1, max-image-preview:large, max-video-preview:-1\" \/>\n<link rel=\"canonical\" href=\"https:\/\/www.hypnose-bw.eu\/index.php\/hypnose-informationen\/gruppenkurse\/vhs-hypnose-infoabend\/\" \/>\n<meta property=\"og:locale\" content=\"de_DE\" \/>\n<meta property=\"og:type\" content=\"article\" \/>\n<meta property=\"og:title\" content=\"VHS Hypnose-Infoabend - Hypnose Center Baden-W\u00fcrttemberg, Hypnosetherapie- und Ausbildung\" \/>\n<meta property=\"og:description\" content=\"VHS Hypnose-Infoabend Wir veranstalten regelm\u00e4\u00dfig Hypnose Grundkurse\/Infoabende \u00fcber verschieden Volkshochschulen. Diese haben das Ziel Ihnen die Hypnose und Selbsthypnose n\u00e4her zu bringen. Sie m\u00f6chten gerne mehr \u00fcber Hypnose, Selbsthypnose und die Grundlagen der Hypnose erfahren.\u00a0Nutzen Sie unser VHS-Angebot. Wir veranstalten regelm\u00e4\u00dfig Hypnose Grundkurse\/Infoabende \u00fcber verschieden Volkshochschulen. Diese haben das Ziel Ihnen die Hypnose und Selbsthypnose [&hellip;]\" \/>\n<meta property=\"og:url\" content=\"https:\/\/www.hypnose-bw.eu\/index.php\/hypnose-informationen\/gruppenkurse\/vhs-hypnose-infoabend\/\" \/>\n<meta property=\"og:site_name\" content=\"Hypnose Center Baden-W\u00fcrttemberg, Hypnosetherapie- und Ausbildung\" \/>\n<meta property=\"article:modified_time\" content=\"2020-03-25T11:09:56+00:00\" \/>\n<meta name=\"twitter:card\" content=\"summary_large_image\" \/>\n<meta name=\"twitter:label1\" content=\"Gesch\u00e4tzte Lesezeit\" \/>\n\t<meta name=\"twitter:data1\" content=\"2\u00a0Minuten\" \/>\n<script type=\"application\/ld+json\" class=\"yoast-schema-graph\">{\"@context\":\"https:\/\/schema.org\",\"@graph\":[{\"@type\":\"WebPage\",\"@id\":\"https:\/\/www.hypnose-bw.eu\/index.php\/hypnose-informationen\/gruppenkurse\/vhs-hypnose-infoabend\/\",\"url\":\"https:\/\/www.hypnose-bw.eu\/index.php\/hypnose-informationen\/gruppenkurse\/vhs-hypnose-infoabend\/\",\"name\":\"VHS Hypnose-Infoabend - Hypnose Center Baden-W\u00fcrttemberg, Hypnosetherapie- und Ausbildung\",\"isPartOf\":{\"@id\":\"https:\/\/www.hypnose-bw.eu\/#website\"},\"datePublished\":\"2020-02-27T11:19:32+00:00\",\"dateModified\":\"2020-03-25T11:09:56+00:00\",\"breadcrumb\":{\"@id\":\"https:\/\/www.hypnose-bw.eu\/index.php\/hypnose-informationen\/gruppenkurse\/vhs-hypnose-infoabend\/#breadcrumb\"},\"inLanguage\":\"de\",\"potentialAction\":[{\"@type\":\"ReadAction\",\"target\":[\"https:\/\/www.hypnose-bw.eu\/index.php\/hypnose-informationen\/gruppenkurse\/vhs-hypnose-infoabend\/\"]}]},{\"@type\":\"BreadcrumbList\",\"@id\":\"https:\/\/www.hypnose-bw.eu\/index.php\/hypnose-informationen\/gruppenkurse\/vhs-hypnose-infoabend\/#breadcrumb\",\"itemListElement\":[{\"@type\":\"ListItem\",\"position\":1,\"name\":\"Home\",\"item\":\"https:\/\/www.hypnose-bw.eu\/\"},{\"@type\":\"ListItem\",\"position\":2,\"name\":\"Informationen\",\"item\":\"https:\/\/www.hypnose-bw.eu\/index.php\/hypnose-informationen\/\"},{\"@type\":\"ListItem\",\"position\":3,\"name\":\"Gruppenkurse\",\"item\":\"https:\/\/www.hypnose-bw.eu\/index.php\/hypnose-informationen\/gruppenkurse\/\"},{\"@type\":\"ListItem\",\"position\":4,\"name\":\"VHS Hypnose-Infoabend\"}]},{\"@type\":\"WebSite\",\"@id\":\"https:\/\/www.hypnose-bw.eu\/#website\",\"url\":\"https:\/\/www.hypnose-bw.eu\/\",\"name\":\"Hypnose, Hypnosetherapie und Hypnoseausbildung in Baden-W\u00fcrttemberg\",\"description\":\"Moderne Hypnose bietet heute eine enorme Bandbreite von Anwendungen. Informieren Sie sich auf unseren Seiten zum Thema: Hypnose, Hypnosetherapie und Hypnoseausbildung in Baden-W\u00fcrttemberg.\",\"publisher\":{\"@id\":\"https:\/\/www.hypnose-bw.eu\/#\/schema\/person\/696f9a4168500159d90848a8d0d5cb54\"},\"potentialAction\":[{\"@type\":\"SearchAction\",\"target\":{\"@type\":\"EntryPoint\",\"urlTemplate\":\"https:\/\/www.hypnose-bw.eu\/?s={search_term_string}\"},\"query-input\":{\"@type\":\"PropertyValueSpecification\",\"valueRequired\":true,\"valueName\":\"search_term_string\"}}],\"inLanguage\":\"de\"},{\"@type\":[\"Person\",\"Organization\"],\"@id\":\"https:\/\/www.hypnose-bw.eu\/#\/schema\/person\/696f9a4168500159d90848a8d0d5cb54\",\"name\":\"admin\",\"image\":{\"@type\":\"ImageObject\",\"inLanguage\":\"de\",\"@id\":\"https:\/\/www.hypnose-bw.eu\/#\/schema\/person\/image\/\",\"url\":\"https:\/\/secure.gravatar.com\/avatar\/9c6614c27ceccccabc48687d162e5c06?s=96&d=mm&r=g\",\"contentUrl\":\"https:\/\/secure.gravatar.com\/avatar\/9c6614c27ceccccabc48687d162e5c06?s=96&d=mm&r=g\",\"caption\":\"admin\"},\"logo\":{\"@id\":\"https:\/\/www.hypnose-bw.eu\/#\/schema\/person\/image\/\"}}]}<\/script>\n<!-- \/ Yoast SEO plugin. -->","yoast_head_json":{"title":"VHS Hypnose-Infoabend - Hypnose Center Baden-W\u00fcrttemberg, Hypnosetherapie- und Ausbildung","robots":{"index":"index","follow":"follow","max-snippet":"max-snippet:-1","max-image-preview":"max-image-preview:large","max-video-preview":"max-video-preview:-1"},"canonical":"https:\/\/www.hypnose-bw.eu\/index.php\/hypnose-informationen\/gruppenkurse\/vhs-hypnose-infoabend\/","og_locale":"de_DE","og_type":"article","og_title":"VHS Hypnose-Infoabend - Hypnose Center Baden-W\u00fcrttemberg, Hypnosetherapie- und Ausbildung","og_description":"VHS Hypnose-Infoabend Wir veranstalten regelm\u00e4\u00dfig Hypnose Grundkurse\/Infoabende \u00fcber verschieden Volkshochschulen. Diese haben das Ziel Ihnen die Hypnose und Selbsthypnose n\u00e4her zu bringen. Sie m\u00f6chten gerne mehr \u00fcber Hypnose, Selbsthypnose und die Grundlagen der Hypnose erfahren.\u00a0Nutzen Sie unser VHS-Angebot. Wir veranstalten regelm\u00e4\u00dfig Hypnose Grundkurse\/Infoabende \u00fcber verschieden Volkshochschulen. Diese haben das Ziel Ihnen die Hypnose und Selbsthypnose [&hellip;]","og_url":"https:\/\/www.hypnose-bw.eu\/index.php\/hypnose-informationen\/gruppenkurse\/vhs-hypnose-infoabend\/","og_site_name":"Hypnose Center Baden-W\u00fcrttemberg, Hypnosetherapie- und Ausbildung","article_modified_time":"2020-03-25T11:09:56+00:00","twitter_card":"summary_large_image","twitter_misc":{"Gesch\u00e4tzte Lesezeit":"2\u00a0Minuten"},"schema":{"@context":"https:\/\/schema.org","@graph":[{"@type":"WebPage","@id":"https:\/\/www.hypnose-bw.eu\/index.php\/hypnose-informationen\/gruppenkurse\/vhs-hypnose-infoabend\/","url":"https:\/\/www.hypnose-bw.eu\/index.php\/hypnose-informationen\/gruppenkurse\/vhs-hypnose-infoabend\/","name":"VHS Hypnose-Infoabend - Hypnose Center Baden-W\u00fcrttemberg, Hypnosetherapie- und Ausbildung","isPartOf":{"@id":"https:\/\/www.hypnose-bw.eu\/#website"},"datePublished":"2020-02-27T11:19:32+00:00","dateModified":"2020-03-25T11:09:56+00:00","breadcrumb":{"@id":"https:\/\/www.hypnose-bw.eu\/index.php\/hypnose-informationen\/gruppenkurse\/vhs-hypnose-infoabend\/#breadcrumb"},"inLanguage":"de","potentialAction":[{"@type":"ReadAction","target":["https:\/\/www.hypnose-bw.eu\/index.php\/hypnose-informationen\/gruppenkurse\/vhs-hypnose-infoabend\/"]}]},{"@type":"BreadcrumbList","@id":"https:\/\/www.hypnose-bw.eu\/index.php\/hypnose-informationen\/gruppenkurse\/vhs-hypnose-infoabend\/#breadcrumb","itemListElement":[{"@type":"ListItem","position":1,"name":"Home","item":"https:\/\/www.hypnose-bw.eu\/"},{"@type":"ListItem","position":2,"name":"Informationen","item":"https:\/\/www.hypnose-bw.eu\/index.php\/hypnose-informationen\/"},{"@type":"ListItem","position":3,"name":"Gruppenkurse","item":"https:\/\/www.hypnose-bw.eu\/index.php\/hypnose-informationen\/gruppenkurse\/"},{"@type":"ListItem","position":4,"name":"VHS Hypnose-Infoabend"}]},{"@type":"WebSite","@id":"https:\/\/www.hypnose-bw.eu\/#website","url":"https:\/\/www.hypnose-bw.eu\/","name":"Hypnose, Hypnosetherapie und Hypnoseausbildung in Baden-W\u00fcrttemberg","description":"Moderne Hypnose bietet heute eine enorme Bandbreite von Anwendungen. Informieren Sie sich auf unseren Seiten zum Thema: Hypnose, Hypnosetherapie und Hypnoseausbildung in Baden-W\u00fcrttemberg.","publisher":{"@id":"https:\/\/www.hypnose-bw.eu\/#\/schema\/person\/696f9a4168500159d90848a8d0d5cb54"},"potentialAction":[{"@type":"SearchAction","target":{"@type":"EntryPoint","urlTemplate":"https:\/\/www.hypnose-bw.eu\/?s={search_term_string}"},"query-input":{"@type":"PropertyValueSpecification","valueRequired":true,"valueName":"search_term_string"}}],"inLanguage":"de"},{"@type":["Person","Organization"],"@id":"https:\/\/www.hypnose-bw.eu\/#\/schema\/person\/696f9a4168500159d90848a8d0d5cb54","name":"admin","image":{"@type":"ImageObject","inLanguage":"de","@id":"https:\/\/www.hypnose-bw.eu\/#\/schema\/person\/image\/","url":"https:\/\/secure.gravatar.com\/avatar\/9c6614c27ceccccabc48687d162e5c06?s=96&d=mm&r=g","contentUrl":"https:\/\/secure.gravatar.com\/avatar\/9c6614c27ceccccabc48687d162e5c06?s=96&d=mm&r=g","caption":"admin"},"logo":{"@id":"https:\/\/www.hypnose-bw.eu\/#\/schema\/person\/image\/"}}]}},"_links":{"self":[{"href":"https:\/\/www.hypnose-bw.eu\/index.php\/wp-json\/wp\/v2\/pages\/204","targetHints":{"allow":["GET"]}}],"collection":[{"href":"https:\/\/www.hypnose-bw.eu\/index.php\/wp-json\/wp\/v2\/pages"}],"about":[{"href":"https:\/\/www.hypnose-bw.eu\/index.php\/wp-json\/wp\/v2\/types\/page"}],"author":[{"embeddable":true,"href":"https:\/\/www.hypnose-bw.eu\/index.php\/wp-json\/wp\/v2\/users\/3"}],"replies":[{"embeddable":true,"href":"https:\/\/www.hypnose-bw.eu\/index.php\/wp-json\/wp\/v2\/comments?post=204"}],"version-history":[{"count":17,"href":"https:\/\/www.hypnose-bw.eu\/index.php\/wp-json\/wp\/v2\/pages\/204\/revisions"}],"predecessor-version":[{"id":1402,"href":"https:\/\/www.hypnose-bw.eu\/index.php\/wp-json\/wp\/v2\/pages\/204\/revisions\/1402"}],"up":[{"embeddable":true,"href":"https:\/\/www.hypnose-bw.eu\/index.php\/wp-json\/wp\/v2\/pages\/201"}],"wp:attachment":[{"href":"https:\/\/www.hypnose-bw.eu\/index.php\/wp-json\/wp\/v2\/media?parent=204"}],"curies":[{"name":"wp","href":"https:\/\/api.w.org\/{rel}","templated":true}]}}